0 - (-2 - -1 - 6) - 6 - 31?
-40
Evaluate (-4 - 1) + 2 - (0 - 7).
4
41 - (21 + 0) - 9
11
Evaluate 17 - (34 + (7 - -3)).
-27
Evaluate -2 + (12 + (2 - 7) + -9 - 6).
-10
What is the value of 8 + 0 + 71 + -71 - 8?
0
Calculate (-104 - -122) + 1 + -7.
12
What is the value of (4 - 1 - -1 - 5) + 0 + 13?
12
Calculate 1 + 6 + -1 - (-2 + 18 - 2).
-8
What is the value of (-20 - (-50 + 22)) + -14?
-6
What is the value of 11 - (-15 - (-24 + -4 - -9))?
7
What is the value of -15 - (3 + -14) - (-2 - (7 - 11))?
-6
What is (8 - 1) + -2 + (2 - (-1 + 7))?
1
What is the value of (-37 - (0 - -6 - -2)) + 0 - -6?
-39
What is 30 - (-26 - -54) - (1 + (0 - 0))?
1
What is the value of -5 + 13 + (-9 - -5) - (-3 + 1)?
6
6 + (-5 + 8 - (3 - -4)) + 4
6
Evaluate (-142 - -138) + -2 + -2 + 26.
18
Calculate (4 - (15 + -14)) + 8.
11
What is -22 + 8 + (8 - 2)?
-8
What is -5 + 27 + -15 + -30?
-23
Evaluate -8 - (10 + (-14 - 5)).
1
What is the value of 16 + (-1 - 2 - 8) - (-1 + -4)?
10
What is the value of 25 + -23 + -3 + 1 + -11?
-11
Evaluate (29 + -15 - 23) + 43 + -12 + 2.
24
What is -2 + (39 + -51 - (-1 + -4))?
-9
-21 - (12 - 10) - -5
-18
Evaluate 21 - (20 + 35 + -21).
-13
Calculate -43 + 20 + -17 + 4 + 9.
-27
Calculate (-93 - -149) + -82 + 4 + 1.
-21
Evaluate ((0 - -4) + -10 - -7) + (-4 - 0).
-3
9 + 19 + (2 - 20)
10
Evaluate -18 - -28 - (5 - (-1 + -21)).
-17
What is the value of -83 + 78 - (-3 - -19 - 1)?
-20
What is the value of 1 + -11 - (7 - (32 + -17))?
-2
What is the value of -36 - (-48 + 10 + -7)?
9
What is 3 - -5 - (-9 + (12 - 7))?
12
Evaluate 41 + 0 + -3 + (-4 - 6).
28
2 + (7 - 17) + 3
-5
What is 1 - -12 - (-101 - -129)?
-15
What is 5 - (-7 + 17 + -6) - -7?
8
What is the value of 2 + -6 + (0 - -6) + (-22 - -18)?
-2
Evaluate -16 + -3 + (2 - (9 + -9)) + -4.
-21
What is the value of -4 - 2 - (13 - (23 + -26))?
-22
35 - (-32 - (-23 - 24))
20
Evaluate (6 + -12 - -8) + (1 - (17 - 1)).
-13
9 + (-2 - 12) + 21
16
Calculate 11 - 22 - (-8 - 1).
-2
Calculate (-5 - (2 - -2)) + (-35 - -48).
4
(-2 - -3 - 6) + (6 - (-14 - -7))
8
What is 3 + 1 + (-1 + -3 - -1) + -8?
-7
What is the value of 10 + (-20 - -13) + -2?
1
Evaluate -6 + (2 - 3 - (-4 - -9)).
-12
What is (16 - 9 - 22) + -45 + 75?
15
Evaluate -4 - (28 - 10 - 32) - 2.
8
Evaluate (-4 - -11 - (-17 - -13)) + -3.
8
Evaluate 6 + (12 - 30 - -2).
-10
Calculate -6 - (-1 - (13 + (3 - -3))).
14
What is 5 + (0 - -2 - (-24 + 26)) + -18?
-13
What is 1 + 3 + (3 - 0) + 23 + -21?
9
25 + 16 + -22 + -15
4
What is (-1 - -2) + (31 - 15) + 8 - 2?
23
What is -10 + (59 - 55) + (-1 - -2)?
-5
Evaluate -23 - (-11 + -10 + 10) - 2.
-14
What is -2 + 9 + (13 + -18 - -15)?
17
Evaluate -5 + 3 + 3 - (-7 - -16).
-8
What is the value of (10 + 1 - 1) + -230 + 218?
-2
9 + -11 + (-3 - -6) - (-1 + -2)
4
What is 6 + ((2 - -4) + -29 - (-10 - -11))?
-18
Calculate 1 + -7 + (-35 - (43 + -91)).
7
What is (2 - 0 - -15) + (84 - 95)?
6
Calculate -2 - (-2 + (-8 - -1) + 9).
-2
Calculate 8 - (-11 + -8 + 32).
-5
Evaluate 6 - -2 - (4 + 3 + 22 + -28).
7
What is 3 + 5 + (12 + -4 - 15) + 15?
16
Calculate (-5 - 3) + (1 + -1 - 8) + -1.
-17
What is the value of (1 - 7 - 0) + (-68 - 41) + 110?
-5
-6 + 14 + -19 - -4 - 1
-8
(97 - 92) + -2 + 8 + -22
-11
What is 3 - (-2 + 4) - (-5 - -2) - 16?
-12
What is 2 + -9 + (-7 - -10) + (20 - 19)?
-3
-19 + (25 - (-3 + 2))
7
What is the value of -13 + 41 + -13 - 28?
-13
What is -16 + -13 + -6 + (17 - -9)?
-9
-11 + 1 + (-1203 - -1187)
-26
What is the value of 1 + 5 - (9 - -3 - 21)?
15
-31 - -23 - (-30 - -34 - (6 - 0))
-6
(-39 - -17) + 42 + (-1 - 4)
15
What is the value of 19 - (6 + 9) - (16 - 2) - 6?
-16
Evaluate 5 - 8 - (-1 - -2).
-4
What is -16 + (15 - -21) - 9?
11
3 - (9 + -5 - (-4 - -19))
14
-23 + (-9 - (-14 - 9))
-9
What is 6 - ((8 - 26) + 1 + 13)?
10
Evaluate ((-9 - -3) + 8 - 8) + -16 + 12.
-10
-14 - (20 - (26 + 9))
1
What is -6 - ((-1 - -12) + -28)?
11
16 + -23 + -8 - 6
-21
What is the value of -348 + 384 + (-46 - -1)?
-9
What is the value of 8 - (38 + -10 + 8 + -10)?
-18
-31 + -3 + 426 + -386
6
What is the value of -11 + -4 + (6 - (0 + 1 + 1))?
-11
10 + (-2 - -1) - (-36 - -6 - -61)
-22
What is the value of -10 + 2 + -2 - -9 - (-4 - -12)?
-9
Calculate 25 + -23 + 16 + -11 + 2.
9
2 - (-5 + -16) - (-1 - (-2 - 6))
16
Calculate -144 + 130 - (-1 + (1 - (2 - 1))).
-13
9 + -8 + -8 - 2
-9
What is -14 + (-20 - -40) + -4?
2
(-3 - -7) + -5 + -2 - 8
-11
(-20 - (5 - 14)) + 7
-4
What is 1 + (-4 - -1) + (10 - 3 - 4)?
1
Calculate (7 - 14) + -3 - (-15 + -12).
17
Evaluate (-34 - -43) + 25 - (9 - 2).
27
What is 4 - (-20 - -32 - 26)?
18
What is -17 + -8 + -12 + 25?
-12
Evaluate 28 - 12 - 11 - 12.
-7
What is -1 + -3 - (19 + (-7 - 6 - 10))?
0
13 - (-6 + 15 + -3) - 5
2
What is -762 + 768 + -1 + 1 + -2 + 15?
19
What is -46 + 46 - (-3 + 2 - (10 + -19))?
-8
What is the value of 9 - 7 - (-5 - (0 - (-4 - -17)))?
-6
6 + -18 + 1 + (3 + -5 - 9)
-22
(-13 - -8 - (-1 - 2)) + (-12 - -1)
-13
What is 15 + -39 + -18 + 31?
-11
What is 0 + -17 + (1358 - 1346)?
-5
What is the value of (-8 - 5) + (-2 - -2) + 0 + 8?
-5
What is (11 + (-2 - 10) - 9) + 26?
16
Calculate (9 - (-15 - -20)) + -5 + -1.
-2
What is the value of (4 - 4) + -1 + (2 - -4) + -22?
-17
-5 + -11 + 2 + 19
5
Calculate (7 - 9 - 35) + (-5 - -16).
-26
What is the value of 4 - (-4 - (-22 + -2) - (-2 - -7))?
-11
What is the value of 1 - 23 - (26 + (-34 - 4))?
-10
Calculate 0 - ((-1 - 8) + -1 - (-99 + 68)).
-21
What is the value of (-5 - (5 + -1)) + 3 - (15 + 1)?
-22
Evaluate -1 + -2 + 3 - 3 - (51 - 75).
21
6020 + -6011 + (1 - (35 + -1)) + 0
-24
Evaluate -27 + (-26 - -5) + 73.
25
Calculate 9 + 8 + (2 - 2) + 1.
18
Evaluate -2 + (-4 - -2) + 12 + 4.
12
Evaluate (5 + -3 + 3 - 9) + 8.
4
1 + (9 - (11 - -10) - 2)
-13
What is the value of (-13 - 8) + 11 + (1 - -4)?
-5
What is the value of -7 + (-17 - -3) + 8 + 3 + -9?
-19
Evaluate 21 + (10 + -9 - 20).
2
What is 8 + 4 + (2 - 5) - (174 + -180)?
15
Calculate -3 - (-44 + 37 + 1 + -5 - -4).
4
Evaluate (14 - (-14 + 12)) + -23 + -8.
-15
Calculate -19 - (-14 - (-11 + 7)).
-9
Calculate 8 + (-2 - 0) + 4 + 0.
10
Calculate 8 + 2 + -13 - 6.
-9
What is (8 + 0 - -4 - 21) + (28 - -3)?
22
What is the value of (-4 - -78) + -72 + (1 - 1 - -3)?
5
What is (1 - 7) + 9 + -12 + -7 - 6?
-22
What is 8 + -1 + -5 + -71 + 63?
-6
Calculate 9 - 9 - (20 + 1 + 1).
-22
What is the value of -17 - ((-14 - -18) + -22)?
1
What is 2 + (18 - 10) + -15?
-5
Calculate 7 - (-3 - (6 - (-3 + (0 - -6)))).
13
What is 12 - (6 - (-7 - -17) - -3)?
13
Evaluate -20 - (24 - 48) - 23.
-19
What is -7 + 33 + -4 + -8?
14
Calculate -6 + 0 + 2 + 1 - (-9 - 4).
10
What is the value of 2 - ((9 - 1) + 16)?
-22
11 + (0 - 6) + 5 + -4 + 0
6
What is 23 + (-11 - (7 + -4))?
9
What is -3 + 4 - (50 - 55)?
6
Evaluate 18 + (5 - 17 - 8).
-2
(-1 - (5 - -7)) + -4 + 14
-3
5 + -53 + 16 + 4
-28
Evaluate -14 + 12 + 9 + (0 - -1).
8
Evaluate (-4 - -1 - -10) + -7 - -9 - -6.
15
What is the value of (0 - 18) + (11 - 0 - (9 + -4))?
-12
Evaluate (-3 + 0 - (-5 + 1 + -2)) + 4.
7
(-1 - 11) + (204 - 183)
9
Evaluate (2 - 2 - 2) + 27 - (-205 + 210).
20
Calculate 400 + -423 + (-3 - (-15 + 3)).
-14
32 + -18 - (1 - (4 - 12))
5
26 - ((-6 - -4) + 9 + 2 - 4)
21
What is 0 - (2 + -6 + (8 - (6 + -3)))?
-1
What is 7 - (14 - (0 + 17))?
10
(-22 + 1 - -13) + -17
-25
-36 + -2 - (388 - 391)
-35
Calculate 23 + (-73 - 4 - -34).
-20
What is the value of -2 - (-20 + 11 + 1 + -6 + 6)?
6
Calculate -15 - (-8 + -13) - 18.
-12
Evaluate (-63 - -57 - (-1 - -5)) + 3.
-7
Calculate -9 + (-5 - 0) - 6.
-20
What is the value of 4 - (-24 + 10 - (-9 + -7))?
2
Calculate -27 - ((-24 - -36) + -26).
-13
What is -1 - -10 - 9 - (-8 - -12)?
-4
-10 - -1 - (-8 + -19 - -20)
-2
What is the value of -7 - (2 + -6 + 5 + 4)?
-12
What is the value of -9 - 1 - (-41 + 60 - (22 + -5))?
-12
21 + (-11 - 5) + -38
-33
Evaluate -6 - (-56 - 8) - 38.
20
Calculate -19 - (11 + -10 + -9).
-11
What is the value of 9 + -29 + -1 + 16?
-5
Evaluate 15 - 2 - 22 - (-2 + -7).
0
What is the value of -143 + 26 - -109 - (-39 + (0 - 0))?
31
What is -11 + (2 - 1) + -1 - (0 - 30)?
19
Calculate (-4 - (7 - 18)) + 4 - 1.
10
What is the value of (8 - -25 - 22) + 0?
11
Evaluate 2 - ((16 - 11) + 0 - -3).
-6
What is 9 + 5 + -12 - (-1 + 14)?
-11
Evaluate -10 + 48 + -24 - (-1 - -13).
2
Calculate 1 + (-2 - 8) - -26.
17
What is the value of 1 + -27 + 62 + -46 + 8?
-2
Eval